he greatest common factor of v and g?
7
Suppose -v = k - 5, -5*k + 2 = 2*v + 4. Let d be ((-6)/(-7))/((-3)/(-126)). Calculate the highest common factor of v and d.
9
Let g(v) = -v**2 - 23*v - 37. Let b be g(-16). What is the greatest common divisor of 3 and b?
3
Let z be (4/(-5))/((-10)/275). Suppose -5*d + 4 = -11. Let o be -1*(d - -3)*-33. What is the highest common divisor of z and o?
22
Let a(g) = -g + 1. Let q be a(3). Let p be q*(1*-6)/2. Suppose -h = z - p*h + 6, -3*z + 3*h = -30. Calculate the greatest common factor of 2 and z.
2
Let i = 25 + -9. Let t be (16/(-6))/((-6)/9). What is the greatest common divisor of t and i?
4
Let b = -25 - -34. Suppose 2*p - 2 - 4 = 0. Suppose 0*w - 216 = -p*w. Calculate the highest common divisor of b and w.
9
Let s(q) = q**3 + 10*q**2 + 9*q. Let w be s(-6). Suppose r + 4*r - w = 0. Let c(a) = -8*a + 3. Let v be c(-3). Calculate the greatest common divisor of r and v.
9
Suppose -5*x + 121 = -4*x. What is the highest common factor of x and 11?
11
Let t = -2 - -16. What is the greatest common divisor of t and 35?
7
Suppose 6*f = 77 + 121. Suppose -d = -31 + 9. Calculate the highest common factor of d and f.
11
Let x be 0 + -5 - (-188)/4. What is the greatest common divisor of x and 378?
42
Let c be (2/7 + (-768)/42)*-18. Calculate the greatest common divisor of c and 36.
36
Let d = 58 + 2. Let q be 4/10 + (-178)/(-5). Let w = d - q. Calculate the greatest common divisor of 36 and w.
12
Let x be 12 + -1*(-3 + 11 + -4). What is the greatest common factor of x and 12?
4
Suppose f - 126 = -0*f. Calculate the highest common divisor of f and 18.
18
Suppose 2*k + j - 25 = 0, k - 2*j - 17 = 2*j. Suppose 6*x - 3 = 3. Suppose -t - n + k = t, -t + 2*n - x = 0. Calculate the greatest common factor of 55 and t.
5
Let m(z) = -z**2 - 6*z - 1. Let p be m(-5). Suppose -36 - 20 = p*t. Let i = 24 + t. What is the highest common divisor of 40 and i?
10
Suppose -k - 70 = 4*k. Let z be 1 - (1 + 29/(-1)). Let v = z + k. What is the highest common divisor of v and 30?
15
Let o(v) = -v**3 + v**2 - v + 13. Let z be o(0). Suppose 3*u = 5*q + 44, u - 3 + 7 = -3*q. Let r = 34 - u. What is the highest common divisor of z and r?
13
Let q(y) = 3*y**2 + 5*y + 1. Let h be q(-4). Calculate the highest common divisor of h and 145.
29
Suppose 55 = 8*f - 49. Let t = -12 + 25. Calculate the highest common factor of t and f.
13
Let m(a) = 10*a - 1. Let b be m(1). Suppose 2*x = 4*v - 30, -2*v - x - 15 = 4*x. Suppose b + 61 = v*u. What is the greatest common factor of u and 35?
7
Suppose 7*s = 3*s + 16. Let r = -2 + s. Suppose -r*z - 4*c = -3*z + 145, 4*z = 4*c + 544. Calculate the greatest common factor of 19 and z.
19
Suppose 4*z = -5*r - 7, 8 = z - 4*r - 6. Suppose -25 = -z*t + 13. Calculate the greatest common factor of 57 and t.
19
Let z = 64 + -32. What is the greatest common factor of 288 and z?
32
Let h be -2 + (-2 - 0) + 12. Calculate the greatest common factor of 12 and h.
4
Suppose 2*c = 10, 2*l + c = -4*c + 51. Let s = -24 + 37. What is the greatest common divisor of s and l?
13
Suppose 2*x = w - 16, 35 = -2*w + 4*w - x. What is the greatest common factor of w and 45?
9
Let b = 66 + -30. Let o(c) = 133*c. Let z be o(-1). Let r = -79 - z. What is the highest common factor of b and r?
18
Let o = -19 - -33. Calculate the highest common factor of o and 70.
14
Suppose 0 = 2*f - 15 - 15. Let m = f - 8. Suppose 4*q - 14 = -2*i, -2*i + 2*q + 14 = m*q. What is the greatest common divisor of i and 35?
7
Let g be (-112)/24*27/(-2). Suppose -g = w - 196. Calculate the highest common divisor of w and 19.
19
Let p = -111 - -191. Calculate the greatest common factor of p and 10.
10
Let n(a) = -76*a + 1. Let r(x) = x**3 + 2*x**2 - x + 4. Let z be r(-3). Let m be n(z). Calculate the greatest common factor of m and 17.
17
Let j(x) = -8*x**3 - 4*x**2 - x - 1. Let d be j(-2). Calculate the highest common divisor of 7 and d.
7
Let a = 18 + -61. Let t be (-1)/3*(a + 4). Let v(f) = -72*f - 1. Let c be v(-2). Calculate the highest common factor of t and c.
13
Suppose 2*b + 5 - 115 = 2*d, b = -2*d + 61. What is the greatest common divisor of 19 and b?
19
Let q(s) = -s**3 + 10*s**2 + s - 13. Let a be q(10). Let g be a*(4/3)/(-2). Suppose -9 + 53 = 2*l. Calculate the greatest common divisor of l and g.
2
Suppose -3*a + 3 = -0. Suppose -3*q + 4 = a. What is the greatest common divisor of 8 and q?
1
Suppose -81 = 2*m - 19. Let t be (m/3)/(4/(-12)). Let x = t - 7. What is the highest common factor of 3 and x?
3
Let l be -2 + 2 + (-8)/(-4). Calculate the greatest common divisor of l and 1.
1
Let k = -82 + 348. Calculate the greatest common factor of 38 and k.
38
Let v be 9/6*(-40)/(-12). What is the greatest common factor of 15 and v?
5
Suppose n + 3*u + 15 = -0*u, -2*n = -3*u + 3. Let w be (-330)/(-18) - (-2)/n. Suppose -5*o - 206 + 566 = 0. Calculate the greatest common factor of w and o.
18
Let j = 13 + -8. Suppose j*g - 136 = 4*g. Calculate the highest common divisor of g and 17.
17
Let g(z) = -3*z - 8. Let s(x) = -8*x**2. Let v be s(1). Let p be g(v). What is the highest common divisor of p and 32?
16
Let k = 176 - 116. Let c = -2 - -3. Let b be (-2 - 5)/(-1) - c. Calculate the highest common divisor of b and k.
6
Suppose 4*d + 3*b - 29 + 72 = 0, 0 = -d - 5*b - 15. Let f be (4/d)/((-2)/(-10)). Let l be 75/7 + f/(-7). What is the highest common divisor of l and 77?
11
Suppose 4*n - 152 = 68. Calculate the highest common factor of 11 and n.
11
Suppose -14 = -3*p + 31. Calculate the highest common divisor of 75 and p.
15
Let c(l) = l**2 + 7*l - 2. Let g be c(-9). What is the greatest common factor of g and 48?
16
Let v be (-1)/3 + 5344/12. Suppose -15 = -4*o + 1. Suppose -o*u - 85 = -v. Calculate the greatest common factor of u and 18.
18
Let d = -20 - -26. Calculate the greatest common divisor of 6 and d.
6
Suppose 0 = 16*c - 17*c + 32. Calculate the greatest common divisor of 80 and c.
16
Let y = -24 + 45. Let i(r) = 3*r**3 + r**2 - r + 1. Let b be i(1). Suppose o - b*o = -504. Calculate the greatest common divisor of y and o.
21
Suppose 1 = 4*f - 15. Suppose 0 = -5*g - r + 2, -2*r + 4*r - f = -5*g. Let a be g - (-18)/((-3)/(-3)). Calculate the greatest common divisor of 9 and a.
9
Let v(b) be the second derivative of 17*b**4/12 - b**3/6 - b**2 + 3*b. Let x be v(-2). Suppose 4 = 3*m - x. Calculate the greatest common divisor of 8 and m.
8
Let m(w) = 2*w + 4. Let y be m(5). Let x(s) = 7*s - 6 + 19*s + 7*s. Let i be x(4). What is the highest common factor of i and y?
14
Let w(s) = 2*s + 20. Let n be w(0). Calculate the greatest common factor of 30 and n.
10
Let j = 176 + -106. What is the greatest common divisor of 10 and j?
10
Let h be ((-45)/10)/9*-20. What is the greatest common factor of h and 50?
10
Let u be -2 - -1*0/3. Let j be -2 - (-8 + (0 - u)). Suppose -j*g + 4*b = -2*g - 176, 4*g - 4*b = 344. Calculate the greatest common factor of 14 and g.
14
Let l = 153 + -121. What is the highest common divisor of l and 352?
32
Let f(g) = -g**3 - 3*g**2 - 5*g + 2. Let w be f(-5). What is the highest common divisor of 7 and w?
7
Let u(j) be the second derivative of -5*j**3/3 - j**2 - j. Let y be u(2). Let h = y + 49. What is the greatest common divisor of 3 and h?
3
Let z = -7 - -13. Calculate the greatest common divisor of 10 and z.
2
Let k be 376 - (-1 + -3 + 2). Calculate the highest common divisor of 42 and k.
42
Let d be 2/(-14) + 102/(-21). Let p be (-8)/20 + 13/d. Let m = 6 - p. What is the highest common factor of 63 and m?
9
Let c = -9 + 18. Suppose 0 = -j + 3*t - c, -5*j = -2*t - 2*t + 34. Let y be 1*2 - (-13 + j). Calculate the greatest common divisor of y and 3.
3
Suppose -16 = -5*d + 3*s - 6, 0 = -3*d - 4*s + 6. Suppose -d = 4*b + 2. Let p be ((-1)/b)/((-1)/(-12)). Calculate the highest common divisor of 84 and p.
12
Let n = -11 - -39. Suppose 4*k - 280 = 3*i - 7*i, -4*i - 332 = -5*k. Suppose k = 2*l - 72. What is the greatest common divisor of n and l?
14
Let r = -62 + 98. Let d = -84 + 93. What is the highest common factor of d and r?
9
Suppose -5*v + 101 = 21. What is the greatest common divisor of v and 128?
16
Let o be (210/(-28))/((-9)/24). Calculate the highest common factor of 5 and o.
5
Suppose -o = -13 - 0. What is the highest common div